{"id":32,"date":"2010-07-30T17:13:33","date_gmt":"2010-07-30T17:13:33","guid":{"rendered":"http:\/\/localhost\/wordpress\/wordpress\/?page_id=32"},"modified":"2011-10-05T16:54:48","modified_gmt":"2011-10-05T16:54:48","slug":"enlaces","status":"publish","type":"page","link":"http:\/\/www.cooperare.org.uy\/?page_id=32","title":{"rendered":"Enlaces"},"content":{"rendered":"<p><span style=\"font-family: Arial,Helvetica,sans-serif; color: #3081d1;\"><a href=\"http:\/\/www.montevideo.gub.uy\/\" target=\"_blank\">Intendencia Municipal de Montevideo <\/a><br \/>\n<a href=\"http:\/\/www.parlamento.gub.uy\/\" target=\"_blank\">Poder Legislativo<\/a><strong><br \/>\n<\/strong><a href=\"http:\/\/www.presidencia.gub.uy\/\" target=\"_blank\">Presidencia de la Rep\u00fablica Oriental del Uruguay<\/a><a href=\"http:\/\/www.bps.gub.uy\/\" target=\"_blank\"><br \/>\n<\/a> <a href=\"http:\/\/www.bps.gub.uy\/\" target=\"_blank\">Banco de Previsi\u00f3n Social<\/a><a href=\"http:\/\/www.mtss.gub.uy\/\" target=\"_blank\"><br \/>\nMinisterio de Trabajo y Seguridad Social<\/a><a href=\"http:\/\/www.dgi.gub.uy\/\" target=\"_blank\"><br \/>\n<\/a> <a href=\"http:\/\/www.dgi.gub.uy\/\" target=\"_blank\">Direcci\u00f3n General Impositiva<\/a><a href=\"http:\/\/www.bcu.gub.uy\/\" target=\"_blank\"><br \/>\n<\/a> <a href=\"http:\/\/www.bcu.gub.uy\/\" target=\"_blank\">Banco Central del Uruguay<\/a><\/span><\/p>\n","protected":false},"excerpt":{"rendered":"<p>Intendencia Municipal de Montevideo Poder Legislativo Presidencia de la Rep\u00fablica Oriental del Uruguay Banco de Previsi\u00f3n Social Ministerio de Trabajo y Seguridad Social Direcci\u00f3n General Impositiva Banco Central del Uruguay<\/p>\n","protected":false},"author":5,"featured_media":0,"parent":0,"menu_order":4,"comment_status":"closed","ping_status":"closed","template":"","meta":{"footnotes":""},"class_list":["post-32","page","type-page","status-publish","hentry","nodate","item-wrap"],"_links":{"self":[{"href":"http:\/\/www.cooperare.org.uy\/index.php?rest_route=\/wp\/v2\/pages\/32","targetHints":{"allow":["GET"]}}],"collection":[{"href":"http:\/\/www.cooperare.org.uy\/index.php?rest_route=\/wp\/v2\/pages"}],"about":[{"href":"http:\/\/www.cooperare.org.uy\/index.php?rest_route=\/wp\/v2\/types\/page"}],"author":[{"embeddable":true,"href":"http:\/\/www.cooperare.org.uy\/index.php?rest_route=\/wp\/v2\/users\/5"}],"replies":[{"embeddable":true,"href":"http:\/\/www.cooperare.org.uy\/index.php?rest_route=%2Fwp%2Fv2%2Fcomments&post=32"}],"version-history":[{"count":8,"href":"http:\/\/www.cooperare.org.uy\/index.php?rest_route=\/wp\/v2\/pages\/32\/revisions"}],"predecessor-version":[{"id":272,"href":"http:\/\/www.cooperare.org.uy\/index.php?rest_route=\/wp\/v2\/pages\/32\/revisions\/272"}],"wp:attachment":[{"href":"http:\/\/www.cooperare.org.uy\/index.php?rest_route=%2Fwp%2Fv2%2Fmedia&parent=32"}],"curies":[{"name":"wp","href":"https:\/\/api.w.org\/{rel}","templated":true}]}}