{"id":245,"date":"2011-08-23T16:40:15","date_gmt":"2011-08-23T16:40:15","guid":{"rendered":"http:\/\/www.cooperare.org.uy\/?page_id=245"},"modified":"2014-04-30T18:24:54","modified_gmt":"2014-04-30T18:24:54","slug":"institucion","status":"publish","type":"page","link":"http:\/\/www.cooperare.org.uy\/?page_id=245","title":{"rendered":"Instituci\u00f3n"},"content":{"rendered":"<h3><span style=\"color: #0099cc;\"><strong><span style=\"color: #006699;\"><img loading=\"lazy\" decoding=\"async\" class=\"alignnone size-full wp-image-266\" title=\"Logo Cooperare3\" src=\"http:\/\/www.cooperare.org.uy\/wp-content\/uploads\/2011\/08\/Logo-Cooperare3.png\" alt=\"\" width=\"134\" height=\"180\" \/><\/span><\/strong><\/span><\/h3>\n<h3><strong><span style=\"color: #006699;\">PRESENTACION<\/span><\/strong><\/h3>\n<p>\u201c Los cambios surgidos como oleadas de nuevos aires progresistas en America Latina produjeron un hecho hist\u00f3rico acorde a las nuevas formas de organizaci\u00f3n,\u00a0\u00a0\u00a0y de\u00a0 nuevas \u00a0estructuras\u00a0 para atender las necesidades b\u00e1sicas insatisfechas de una inmensa cantidad de uruguayos empobrecidos, as\u00ed como su reincorporaci\u00f3n al tejido social del cual fueron excluidos \u201d.<br \/>\nAnte este hecho hist\u00f3rico\u00a0, \u00a0desde el a\u00f1o 2005 con la asunci\u00f3n al gobierno del presidente\u00a0 Tabar\u00e9 V\u00e1zquez; t\u00e9cnicos, cooperativistas y dirigentes populares de probada trayectoria, con alto compromiso con los cambios emergentes, comienzan a madurar mediante una practica en com\u00fan con dicho objetivo una s\u00edntesis organizativa llamada <strong>COOPERARE,<\/strong> que pasar\u00eda a partir desde el a\u00f1o 2008 a ejecutar programas de desarrollo social de suma importancia y consideraci\u00f3n que fueron luego objeto de reconocimiento por su valor \u00e9tico y humano, a la luz de las metas trazadas y los objetivos alcanzados .<br \/>\nSobre la base de programas gestionados en convenio con la Comuna Canaria y el Ministerio de Desarrollo Social; Programa de Inclusi\u00f3n Social a Personas en Situaci\u00f3n de Vulnerabilidad, se consolida\u00a0 la concreci\u00f3n de una nueva figura jur\u00eddica que habilitara de una manera mejor y m\u00e1s eficiente, la posibilidad de ampliar los espacios de participaci\u00f3n y gesti\u00f3n con organismos estatales.<\/p>\n<p>Por esta v\u00eda, se procede a la creaci\u00f3n de la <strong>Asociaci\u00f3n Civil COOPERARE<\/strong>, la que pasara a ser una Organizaci\u00f3n, con los principios\u00a0 y valores desarrollados por el Movimiento Cooperativo, trabajar\u00e1 y trasmitir\u00e1\u00a0 la forma de trabajo, la metodolog\u00eda, los conceptos y procedimientos\u00a0 hacia aquellos sectores de la poblaci\u00f3n a los cuales van dirigidos los programas desarrollados por el gobierno nacional,\u00a0 as\u00ed como los\u00a0 gobiernos departamentales.<\/p>\n<p><strong>COOPERARE<\/strong> tiene como objeto la potenciaci\u00f3n de las capacidades individuales y de autogesti\u00f3n colectiva\u00a0 por medio de la participaci\u00f3n y trabajo en redes comunitarias. La orientaci\u00f3n, formaci\u00f3n pre-ocupacional, capacitaci\u00f3n en oficios y habilidades, realizaci\u00f3n de proyectos productivos, sociales, culturales de investigaci\u00f3n y desarrollo territorial. Esto supone la promoci\u00f3n de los sectores populares, a trav\u00e9s del\u00a0 asesoramiento, acompa\u00f1amiento y capacitaci\u00f3n como forma de lograr las posibles salidas de la exclusi\u00f3n, en suma el mejoramiento en calidad de vida. Se pretende sin duda continuar con la experiencia de trabajo ya adquirida en estos a\u00f1os.<\/p>\n<p>Al transitar bajo esta forma jur\u00eddica, se asume un nuevo desaf\u00edo y estamos convencidos que es el mejor camino a concretar; es el mejor camino para seguir trasmitiendo nuestros valores cooperativos; es el mejor camino para poder seguir demostrando a la sociedad en su conjunto y a las Instituciones publicas y privadas que esta Organizaci\u00f3n puede tomar las decisiones estrat\u00e9gicas acordes a las necesidades actuales de continuar con los desaf\u00edos planteados al haber asumido en el a\u00f1o 2005 el Gobierno Progresista. <strong>COOPERARE<\/strong> recoge las mejores pr\u00e1cticas y experiencias a trav\u00e9s de sus integrantes; todos\/as han participado de los programas y convenios explicitados en los antecedentes, asimismo <strong>COOPERARE<\/strong> asimila los lineamientos institucionales y compromisos de desarrollo territoriales que a modo de ejemplo se enumeran a continuaci\u00f3n.<\/p>\n<p>El equipo de trabajo; integrado por t\u00e9cnicos, formadores y supervisores proviene de distintos sectores de militancia sindical, pol\u00edtica y cooperativa,\u00a0 los que cuentan con una amplia trayectoria en proyectos sociales, asegurando as\u00ed la continuidad de la experiencia acumulada. Todos han participado activamente en el marco del Plan de Atenci\u00f3n a la Emergencia Social (PANES) y han trabajado en convenios con al Ministerio de Desarrollo Social\u00a0 dentro de los programas Rutas de Salida y Trabajo por Uruguay desde el inicio de los mismos y hasta la finalizaci\u00f3n del PANES. Estos \u00e1mbitos de trabajo se han desarrollado tanto en convenio con la Intendencia Municipal de Montevideo, como en convenios de cooperaci\u00f3n con la Intendencia Municipal de Maldonado; Paysand\u00fa, Soriano y Durazno.<\/p>\n<p>Actualmente el Programa que COOPERARE esta ejecutando, est\u00e1 insertado en el departamento de Canelones, y fundamentalmente la periferia de las ciudades, vienen sufriendo procesos de pauperizaci\u00f3n y empobrecimiento constantes, que datan de finales de la d\u00e9cada de los 70, manteni\u00e9ndose incluso durante los a\u00f1os 90, a\u00f1os en los cuales la econom\u00eda uruguaya verific\u00f3 niveles de crecimiento. Se entiende que este hecho adquiere relevancia si tomamos en cuenta que muchos de los\/as protagonistas viven en condiciones habitacionales de privaci\u00f3n, producto de un proceso de segmentaci\u00f3n territorial. Esta es una clave importante para entender el por qu\u00e9 de las caracter\u00edsticas de los contextos de pobreza y exclusi\u00f3n que se verifican en cada una de las zonas que abarca el proyecto, que si bien se diferencian de acuerdo a su asentamiento geogr\u00e1fico, comparten en general la l\u00f3gica de presentar situaciones de exclusi\u00f3n que se prolongan durante varios a\u00f1os, generando n\u00facleos poblacionales que no forman parte de los circuitos de socializaci\u00f3n, y presentan esquemas de valores muchas veces incompatibles con la \u201cnorma\u201d social preponderante.\u00a0 En las zonas centrales de las ciudades de Las Piedras, se encuentran recursos variados que le permiten, a la poblaci\u00f3n comprendida en los sectores socioecon\u00f3micos m\u00e1s bajos, generar estrategias de supervivencia alternativas a los mercados. A su vez cuentan con posibilidades de acceso a los escasos servicios p\u00fablicos que en su mayor\u00eda se encuentran fuertemente centralizados.<\/p>\n<p>Esta poblaci\u00f3n que habita principalmente en la zona de la periferia, ve reforzados los procesos de exclusi\u00f3n a ra\u00edz de las grandes distancias con los centros de decisi\u00f3n pol\u00edtica y administrativa que trasciende lo local, sumada la escasez de servicios, y\u00a0 las dificultades a la hora de pensar estrategias de supervivencia y desarrollo a nivel colectivo. Esto mismo se reproduce en las ciudades de La Paz y Progreso con respecto a Las Piedras debido a la concentraci\u00f3n de servicios en la centralidad que ejerce esta, lo que hace que dependan de ella. Los procesos de exclusi\u00f3n consolidados durante los 90 tambi\u00e9n tienen una dimensi\u00f3n pol\u00edtico-organizativa. Grupos poblacionales altamente vulnerados quedaron aislados, sin interlocuci\u00f3n pol\u00edtica, sin organizaci\u00f3n, sin capacidad de estructurar demandas hacia las instituciones. Por ende, la posibilidad de acumular capital social, a nivel individual y colectivo, en estos sectores de la poblaci\u00f3n pasa en parte por el logro de interacciones frecuentes y duraderas con organizaciones sociales, sindicales y cooperativas, en el marco de proyectos concretos. En este sentido, se espera que esta propuesta contin\u00fae brindando una posibilidad para la comunidad de repensar colectivamente las formas econ\u00f3mico-organizativas que les permitan reapropiarse de las propuestas de desarrollo para la localidad, integrando en las mismas a un sector poblacional que generalmente es visto como un \u201cproblema\u201d, y no como parte del capital social existente. La apuesta es acercar al sector popular organizado, con aquellas personas que han sido consideradas por los gobiernos anteriores como datos negativos en torno a las posibilidades de desarrollo, para rediscutir esta imagen culturalmente hegem\u00f3nica y resignificar las potencialidades locales.<\/p>\n<p>En el marco de las estrategias program\u00e1ticas del gobierno y de las pol\u00edticas de Estado en consonancia con alguno de los objetivos tanto a nivel nacional como departamental, se busca a su vez promover el cooperativismo, el asociacionismo y la autogesti\u00f3n, como formas privilegiadas de dinamizar la econom\u00eda y fortalecer los lazos de solidaridad, tan degradados por la extendida crisis econ\u00f3mica y social que enfrent\u00f3 nuestro pa\u00eds.<\/p>\n<h3><span style=\"color: #006699;\"><strong>Nuestro Equipo:<\/strong><\/span><\/h3>\n<p><strong>A.S. Ana G\u00f3mez<\/strong><br \/>\nSecretaria de la Organizaci\u00f3n; Coordinadora de Proyectos; Capacitadora en Organizaci\u00f3n y Desarrollo Personal; Cooperativista de Ayuda Mutua, representante de la Organizaci\u00f3n, fundadora de COOPERARE.<\/p>\n<p><strong>Walter Russo<\/strong><br \/>\nPresidente de la Organizaci\u00f3n; T\u00e9cnico en Construcci\u00f3n; Capacitador en Organizaci\u00f3n; Cooperativista de Ayuda Mutua, Expositor, representante de la Organizaci\u00f3n, fundador de COOPERARE<\/p>\n<p><strong>Walter Hern\u00e1ndez<\/strong><br \/>\nCapacitador, Cooperativista de Ayuda Mutua; atenci\u00f3n de casos cr\u00edticos, promotor de capacidades individuales y colectivas, fundador de COOPERARE<\/p>\n<p><strong>Stefani Moreira<\/strong><br \/>\nEstudiante avanzado de Trabajo Social, T\u00e9cnica tallerista, Capacitadora, Supervisora de Equipo Operativo, Cooperativista de Ayuda Mutua, fundadora de COOPERARE<\/p>\n<p><strong>N\u00e9stor Cabrera<\/strong><br \/>\nSupervisor de Equipo Operativo, Articulador Institucional Local, Tallerista, Cooperativista de Ayuda Mutua; fundador de COOPERARE<\/p>\n<p><strong>Jos\u00e9 Da Costa<\/strong><br \/>\nSupervisor de Equipo Operativo, Articulador Institucional Local, Cooperativista de Ayuda Mutua; fundador de COOPERARE<\/p>\n<p><strong>Mar\u00eda del Carmen Di Vito<\/strong><br \/>\nEstudiante avanzado en Psc. Social, Supervisora de Equipo Operativo, Cooperativista de Ayuda Mutua, fundadora de COOPERARE<\/p>\n<p><strong>Shirley Maciel<\/strong><br \/>\nSupervisora de Equipo Operativo, Articulador Institucional Local, Cooperativista de Ayuda Mutua; fundadora de COOPERARE<\/p>\n<p><strong>Raquel Briart<\/strong><br \/>\nSupervisora de Equipo Operativo, Articulador Institucional Local, Cooperativista de Ayuda Mutua; fundadora de COOPERARE<\/p>\n<p><strong>Graciela Olivera<\/strong><br \/>\nSupervisora de Equipo Operativo, Articulador Institucional Local, Cooperativista de Ayuda Mutua; fundadora de COOPERARE<\/p>\n<p><strong>Lourdes Fachola<\/strong><br \/>\nSupervisora de Equipo Operativo, T\u00e9cnica en Organizaci\u00f3n del Trabajo, Articulador Institucional Local, Cooperativista de Ayuda Mutua; fundador de COOPERARE<\/p>\n<p><strong>Anal\u00eda Mart\u00ednez<\/strong><br \/>\nSupervisora de Equipo Operativo, T\u00e9cnica en Organizaci\u00f3n del Trabajo, Articulador Institucional Local, Cooperativista de Ayuda Mutua.<\/p>\n<p><strong>Francisco Maidana<\/strong><br \/>\nAdministrativo, Cooperativista de Ayuda Mutua, Articulador Institucional Local.<\/p>\n<p><strong>Alba Barreto<\/strong><br \/>\nAdministrativa, Cooperativista de Ayuda Mutua, Articulador Institucional Local, fundadora de COOPERARE<\/p>\n<p>&nbsp;<\/p>\n<p>[important]<strong><br \/>\nDirecci\u00f3n Institucional:\u00a0<\/strong><br \/>\nTacuarembo 1442\u00a0 &#8211;\u00a0 Oficina 805<br \/>\nMontevideo &#8211; Uruguay[\/important]<\/p>\n<p>[important]<strong>Tel\u00e9fono: \u00a0<\/strong> 2409\u00a0 7534 <strong><br \/>\nE- mail: <\/strong><a href=\"mailto:cooperare@cooperare.org.uy\">cooperare@cooperare.org.uy<\/a>[\/important]<\/p>\n<p>&nbsp;<\/p>\n<p>&nbsp;<\/p>\n","protected":false},"excerpt":{"rendered":"<p>PRESENTACION \u201c Los cambios surgidos como oleadas de nuevos aires progresistas en America Latina produjeron un hecho hist\u00f3rico acorde a las nuevas formas de organizaci\u00f3n,\u00a0\u00a0\u00a0y de\u00a0 nuevas \u00a0estructuras\u00a0 para atender las necesidades b\u00e1sicas insatisfechas de una inmensa cantidad de uruguayos empobrecidos, as\u00ed como su reincorporaci\u00f3n al tejido social del cual fueron excluidos \u201d. Ante este &hellip; <\/p>\n<p><a class=\"more-link btn\" href=\"http:\/\/www.cooperare.org.uy\/?page_id=245\">Seguir leyendo<\/a><\/p>\n","protected":false},"author":5,"featured_media":0,"parent":0,"menu_order":1,"comment_status":"closed","ping_status":"closed","template":"","meta":{"footnotes":""},"class_list":["post-245","page","type-page","status-publish","hentry","nodate","item-wrap"],"_links":{"self":[{"href":"http:\/\/www.cooperare.org.uy\/index.php?rest_route=\/wp\/v2\/pages\/245","targetHints":{"allow":["GET"]}}],"collection":[{"href":"http:\/\/www.cooperare.org.uy\/index.php?rest_route=\/wp\/v2\/pages"}],"about":[{"href":"http:\/\/www.cooperare.org.uy\/index.php?rest_route=\/wp\/v2\/types\/page"}],"author":[{"embeddable":true,"href":"http:\/\/www.cooperare.org.uy\/index.php?rest_route=\/wp\/v2\/users\/5"}],"replies":[{"embeddable":true,"href":"http:\/\/www.cooperare.org.uy\/index.php?rest_route=%2Fwp%2Fv2%2Fcomments&post=245"}],"version-history":[{"count":26,"href":"http:\/\/www.cooperare.org.uy\/index.php?rest_route=\/wp\/v2\/pages\/245\/revisions"}],"predecessor-version":[{"id":316,"href":"http:\/\/www.cooperare.org.uy\/index.php?rest_route=\/wp\/v2\/pages\/245\/revisions\/316"}],"wp:attachment":[{"href":"http:\/\/www.cooperare.org.uy\/index.php?rest_route=%2Fwp%2Fv2%2Fmedia&parent=245"}],"curies":[{"name":"wp","href":"https:\/\/api.w.org\/{rel}","templated":true}]}}

Institución

<h3><span style="color: #0099cc;"><strong><span style="color: #006699;"><img loading="lazy" decoding="async" class="alignnone size-full wp-image-266" title="Logo Cooperare3" src="http://www.cooperare.org.uy/wp-content/uploads/2011/08/Logo-Cooperare3.png" alt="" width="134" height="180" /></span></strong></span></h3>
<h3><strong><span style="color: #006699;">PRESENTACION</span></strong></h3>
<p>“ Los cambios surgidos como oleadas de nuevos aires progresistas en America Latina produjeron un hecho histórico acorde a las nuevas formas de organización,   y de  nuevas  estructuras  para atender las necesidades básicas insatisfechas de una inmensa cantidad de uruguayos empobrecidos, así como su reincorporación al tejido social del cual fueron excluidos ”.<br />
Ante este hecho histórico ,  desde el año 2005 con la asunción al gobierno del presidente  Tabaré Vázquez; técnicos, cooperativistas y dirigentes populares de probada trayectoria, con alto compromiso con los cambios emergentes, comienzan a madurar mediante una practica en común con dicho objetivo una síntesis organizativa llamada <strong>COOPERARE,</strong> que pasaría a partir desde el año 2008 a ejecutar programas de desarrollo social de suma importancia y consideración que fueron luego objeto de reconocimiento por su valor ético y humano, a la luz de las metas trazadas y los objetivos alcanzados .<br />
Sobre la base de programas gestionados en convenio con la Comuna Canaria y el Ministerio de Desarrollo Social; Programa de Inclusión Social a Personas en Situación de Vulnerabilidad, se consolida  la concreción de una nueva figura jurídica que habilitara de una manera mejor y más eficiente, la posibilidad de ampliar los espacios de participación y gestión con organismos estatales.</p>
<p>Por esta vía, se procede a la creación de la <strong>Asociación Civil COOPERARE</strong>, la que pasara a ser una Organización, con los principios  y valores desarrollados por el Movimiento Cooperativo, trabajará y trasmitirá  la forma de trabajo, la metodología, los conceptos y procedimientos  hacia aquellos sectores de la población a los cuales van dirigidos los programas desarrollados por el gobierno nacional,  así como los  gobiernos departamentales.</p>
<p><strong>COOPERARE</strong> tiene como objeto la potenciación de las capacidades individuales y de autogestión colectiva  por medio de la participación y trabajo en redes comunitarias. La orientación, formación pre-ocupacional, capacitación en oficios y habilidades, realización de proyectos productivos, sociales, culturales de investigación y desarrollo territorial. Esto supone la promoción de los sectores populares, a través del  asesoramiento, acompañamiento y capacitación como forma de lograr las posibles salidas de la exclusión, en suma el mejoramiento en calidad de vida. Se pretende sin duda continuar con la experiencia de trabajo ya adquirida en estos años.</p>
<p>Al transitar bajo esta forma jurídica, se asume un nuevo desafío y estamos convencidos que es el mejor camino a concretar; es el mejor camino para seguir trasmitiendo nuestros valores cooperativos; es el mejor camino para poder seguir demostrando a la sociedad en su conjunto y a las Instituciones publicas y privadas que esta Organización puede tomar las decisiones estratégicas acordes a las necesidades actuales de continuar con los desafíos planteados al haber asumido en el año 2005 el Gobierno Progresista. <strong>COOPERARE</strong> recoge las mejores prácticas y experiencias a través de sus integrantes; todos/as han participado de los programas y convenios explicitados en los antecedentes, asimismo <strong>COOPERARE</strong> asimila los lineamientos institucionales y compromisos de desarrollo territoriales que a modo de ejemplo se enumeran a continuación.</p>
<p>El equipo de trabajo; integrado por técnicos, formadores y supervisores proviene de distintos sectores de militancia sindical, política y cooperativa,  los que cuentan con una amplia trayectoria en proyectos sociales, asegurando así la continuidad de la experiencia acumulada. Todos han participado activamente en el marco del Plan de Atención a la Emergencia Social (PANES) y han trabajado en convenios con al Ministerio de Desarrollo Social  dentro de los programas Rutas de Salida y Trabajo por Uruguay desde el inicio de los mismos y hasta la finalización del PANES. Estos ámbitos de trabajo se han desarrollado tanto en convenio con la Intendencia Municipal de Montevideo, como en convenios de cooperación con la Intendencia Municipal de Maldonado; Paysandú, Soriano y Durazno.</p>
<p>Actualmente el Programa que COOPERARE esta ejecutando, está insertado en el departamento de Canelones, y fundamentalmente la periferia de las ciudades, vienen sufriendo procesos de pauperización y empobrecimiento constantes, que datan de finales de la década de los 70, manteniéndose incluso durante los años 90, años en los cuales la economía uruguaya verificó niveles de crecimiento. Se entiende que este hecho adquiere relevancia si tomamos en cuenta que muchos de los/as protagonistas viven en condiciones habitacionales de privación, producto de un proceso de segmentación territorial. Esta es una clave importante para entender el por qué de las características de los contextos de pobreza y exclusión que se verifican en cada una de las zonas que abarca el proyecto, que si bien se diferencian de acuerdo a su asentamiento geográfico, comparten en general la lógica de presentar situaciones de exclusión que se prolongan durante varios años, generando núcleos poblacionales que no forman parte de los circuitos de socialización, y presentan esquemas de valores muchas veces incompatibles con la “norma” social preponderante.  En las zonas centrales de las ciudades de Las Piedras, se encuentran recursos variados que le permiten, a la población comprendida en los sectores socioeconómicos más bajos, generar estrategias de supervivencia alternativas a los mercados. A su vez cuentan con posibilidades de acceso a los escasos servicios públicos que en su mayoría se encuentran fuertemente centralizados.</p>
<p>Esta población que habita principalmente en la zona de la periferia, ve reforzados los procesos de exclusión a raíz de las grandes distancias con los centros de decisión política y administrativa que trasciende lo local, sumada la escasez de servicios, y  las dificultades a la hora de pensar estrategias de supervivencia y desarrollo a nivel colectivo. Esto mismo se reproduce en las ciudades de La Paz y Progreso con respecto a Las Piedras debido a la concentración de servicios en la centralidad que ejerce esta, lo que hace que dependan de ella. Los procesos de exclusión consolidados durante los 90 también tienen una dimensión político-organizativa. Grupos poblacionales altamente vulnerados quedaron aislados, sin interlocución política, sin organización, sin capacidad de estructurar demandas hacia las instituciones. Por ende, la posibilidad de acumular capital social, a nivel individual y colectivo, en estos sectores de la población pasa en parte por el logro de interacciones frecuentes y duraderas con organizaciones sociales, sindicales y cooperativas, en el marco de proyectos concretos. En este sentido, se espera que esta propuesta continúe brindando una posibilidad para la comunidad de repensar colectivamente las formas económico-organizativas que les permitan reapropiarse de las propuestas de desarrollo para la localidad, integrando en las mismas a un sector poblacional que generalmente es visto como un “problema”, y no como parte del capital social existente. La apuesta es acercar al sector popular organizado, con aquellas personas que han sido consideradas por los gobiernos anteriores como datos negativos en torno a las posibilidades de desarrollo, para rediscutir esta imagen culturalmente hegemónica y resignificar las potencialidades locales.</p>
<p>En el marco de las estrategias programáticas del gobierno y de las políticas de Estado en consonancia con alguno de los objetivos tanto a nivel nacional como departamental, se busca a su vez promover el cooperativismo, el asociacionismo y la autogestión, como formas privilegiadas de dinamizar la economía y fortalecer los lazos de solidaridad, tan degradados por la extendida crisis económica y social que enfrentó nuestro país.</p>
<h3><span style="color: #006699;"><strong>Nuestro Equipo:</strong></span></h3>
<p><strong>A.S. Ana Gómez</strong><br />
Secretaria de la Organización; Coordinadora de Proyectos; Capacitadora en Organización y Desarrollo Personal; Cooperativista de Ayuda Mutua, representante de la Organización, fundadora de COOPERARE.</p>
<p><strong>Walter Russo</strong><br />
Presidente de la Organización; Técnico en Construcción; Capacitador en Organización; Cooperativista de Ayuda Mutua, Expositor, representante de la Organización, fundador de COOPERARE</p>
<p><strong>Walter Hernández</strong><br />
Capacitador, Cooperativista de Ayuda Mutua; atención de casos críticos, promotor de capacidades individuales y colectivas, fundador de COOPERARE</p>
<p><strong>Stefani Moreira</strong><br />
Estudiante avanzado de Trabajo Social, Técnica tallerista, Capacitadora, Supervisora de Equipo Operativo, Cooperativista de Ayuda Mutua, fundadora de COOPERARE</p>
<p><strong>Néstor Cabrera</strong><br />
Supervisor de Equipo Operativo, Articulador Institucional Local, Tallerista, Cooperativista de Ayuda Mutua; fundador de COOPERARE</p>
<p><strong>José Da Costa</strong><br />
Supervisor de Equipo Operativo, Articulador Institucional Local, Cooperativista de Ayuda Mutua; fundador de COOPERARE</p>
<p><strong>María del Carmen Di Vito</strong><br />
Estudiante avanzado en Psc. Social, Supervisora de Equipo Operativo, Cooperativista de Ayuda Mutua, fundadora de COOPERARE</p>
<p><strong>Shirley Maciel</strong><br />
Supervisora de Equipo Operativo, Articulador Institucional Local, Cooperativista de Ayuda Mutua; fundadora de COOPERARE</p>
<p><strong>Raquel Briart</strong><br />
Supervisora de Equipo Operativo, Articulador Institucional Local, Cooperativista de Ayuda Mutua; fundadora de COOPERARE</p>
<p><strong>Graciela Olivera</strong><br />
Supervisora de Equipo Operativo, Articulador Institucional Local, Cooperativista de Ayuda Mutua; fundadora de COOPERARE</p>
<p><strong>Lourdes Fachola</strong><br />
Supervisora de Equipo Operativo, Técnica en Organización del Trabajo, Articulador Institucional Local, Cooperativista de Ayuda Mutua; fundador de COOPERARE</p>
<p><strong>Analía Martínez</strong><br />
Supervisora de Equipo Operativo, Técnica en Organización del Trabajo, Articulador Institucional Local, Cooperativista de Ayuda Mutua.</p>
<p><strong>Francisco Maidana</strong><br />
Administrativo, Cooperativista de Ayuda Mutua, Articulador Institucional Local.</p>
<p><strong>Alba Barreto</strong><br />
Administrativa, Cooperativista de Ayuda Mutua, Articulador Institucional Local, fundadora de COOPERARE</p>
<p>&nbsp;</p>
<p>[important]<strong><br />
Dirección Institucional: </strong><br />
Tacuarembo 1442  &#8211;  Oficina 805<br />
Montevideo &#8211; Uruguay[/important]</p>
<p>[important]<strong>Teléfono:  </strong> 2409  7534 <strong><br />
E- mail: </strong><a href="mailto:cooperare@cooperare.org.uy">cooperare@cooperare.org.uy</a>[/important]</p>
<p>&nbsp;</p>
<p>&nbsp;</p>

<p>PRESENTACION “ Los cambios surgidos como oleadas de nuevos aires progresistas en America Latina produjeron un hecho histórico acorde a las nuevas formas de organización,   y de  nuevas  estructuras  para atender las necesidades básicas insatisfechas de una inmensa cantidad de uruguayos empobrecidos, así como su reincorporación al tejido social del cual fueron excluidos ”. Ante este &hellip; </p>
<p><a class="more-link btn" href="http://www.cooperare.org.uy/?page_id=245">Seguir leyendo</a></p>
