{"id":178,"date":"2011-06-28T17:53:34","date_gmt":"2011-06-28T17:53:34","guid":{"rendered":"http:\/\/www.cooperare.org.uy\/?page_id=178"},"modified":"2011-08-23T16:38:35","modified_gmt":"2011-08-23T16:38:35","slug":"quienes-somos","status":"publish","type":"page","link":"http:\/\/www.cooperare.org.uy\/?page_id=178","title":{"rendered":"Quienes Somos"},"content":{"rendered":"<p>La Asociaci\u00f3n<strong> Civil COOPERARE<\/strong> &#8211;\u00a0 es una organizaci\u00f3n no gubernamental creada en el seno del Movimiento cooperativo de vivienda y de trabajo, sus miembros poseen un amplio compromiso y experiencia en la investigaci\u00f3n, capacitaci\u00f3n, articulaci\u00f3n, y ejecuci\u00f3n de proyectos de desarrollo, destinado a preservar y mejorar el medioambiente; el h\u00e1bitat y el trabajo asociativo.<\/p>\n<p><span style=\"color: #006699;\"><strong>MISI\u00d3N<\/strong><\/span><\/p>\n<p>Contribuir al mejoramiento de la calidad de vida y desarrollo de los ciudadanos y ciudadanas en situaci\u00f3n de vulnerabilidad social.<br \/>\nEjecutar programas de pol\u00edticas sociales promovidas por el Estado y los gobiernos municipales.<br \/>\nPropiciar la articulaci\u00f3n de actores locales para optimizar los recursos y maximizar el logro de resultados.<br \/>\nDesarrollar pol\u00edticas de recursos humanos para favorecer el mejoramiento de las competencias de nuestro equipo y sus capacidades de desarrollo t\u00e9cnico, valorando su aporte, fomentando el respeto, la honestidad y la equidad.<\/p>\n<p><span style=\"color: #006699;\"><strong>VISI\u00d3N<\/strong><\/span><\/p>\n<p>Ser una organizaci\u00f3n de la Sociedad Civil reconocida por su accionar en el \u00e1mbito socio-laboral, con un alto grado de compromiso local y nacional, actuando con responsabilidad e identidad territorial.<\/p>\n<p><span style=\"color: #006699;\"><strong>ESTRATEGIA<\/strong><\/span><\/p>\n<p>Nuestra estrategia consiste en el diagn\u00f3stico, y ejecuci\u00f3n de proyectos y programas enfocados al desarrollo de las personas en situaci\u00f3n de vulnerabilidad social. Nuestro accionar esta cimentado en los pilares de la cooperaci\u00f3n, la solidaridad, la ayuda mutua y la autogesti\u00f3n.<br \/>\nNuestro eje transversal es la articulaci\u00f3n de actores locales, con una visi\u00f3n de desarrollo local y regional.<\/p>\n","protected":false},"excerpt":{"rendered":"<p>La Asociaci\u00f3n Civil COOPERARE &#8211;\u00a0 es una organizaci\u00f3n no gubernamental creada en el seno del Movimiento cooperativo de vivienda y de trabajo, sus miembros poseen un amplio compromiso y experiencia en la investigaci\u00f3n, capacitaci\u00f3n, articulaci\u00f3n, y ejecuci\u00f3n de proyectos de desarrollo, destinado a preservar y mejorar el medioambiente; el h\u00e1bitat y el trabajo asociativo. MISI\u00d3N &hellip; <\/p>\n<p><a class=\"more-link btn\" href=\"http:\/\/www.cooperare.org.uy\/?page_id=178\">Seguir leyendo<\/a><\/p>\n","protected":false},"author":5,"featured_media":0,"parent":0,"menu_order":1,"comment_status":"closed","ping_status":"closed","template":"","meta":{"footnotes":""},"class_list":["post-178","page","type-page","status-publish","hentry","nodate","item-wrap"],"_links":{"self":[{"href":"http:\/\/www.cooperare.org.uy\/index.php?rest_route=\/wp\/v2\/pages\/178","targetHints":{"allow":["GET"]}}],"collection":[{"href":"http:\/\/www.cooperare.org.uy\/index.php?rest_route=\/wp\/v2\/pages"}],"about":[{"href":"http:\/\/www.cooperare.org.uy\/index.php?rest_route=\/wp\/v2\/types\/page"}],"author":[{"embeddable":true,"href":"http:\/\/www.cooperare.org.uy\/index.php?rest_route=\/wp\/v2\/users\/5"}],"replies":[{"embeddable":true,"href":"http:\/\/www.cooperare.org.uy\/index.php?rest_route=%2Fwp%2Fv2%2Fcomments&post=178"}],"version-history":[{"count":10,"href":"http:\/\/www.cooperare.org.uy\/index.php?rest_route=\/wp\/v2\/pages\/178\/revisions"}],"predecessor-version":[{"id":244,"href":"http:\/\/www.cooperare.org.uy\/index.php?rest_route=\/wp\/v2\/pages\/178\/revisions\/244"}],"wp:attachment":[{"href":"http:\/\/www.cooperare.org.uy\/index.php?rest_route=%2Fwp%2Fv2%2Fmedia&parent=178"}],"curies":[{"name":"wp","href":"https:\/\/api.w.org\/{rel}","templated":true}]}}